 176.
44
Calculate the highest common factor of 493 and 272.
17
Calculate the greatest common factor of 188 and 13724.
188
What is the greatest common divisor of 54 and 20?
2
Calculate the highest common factor of 210 and 126.
42
What is the greatest common factor of 75 and 1385?
5
Calculate the highest common divisor of 435 and 495.
15
What is the highest common divisor of 286 and 22?
22
Calculate the greatest common factor of 215 and 10.
5
What is the highest common factor of 2295 and 270?
135
Calculate the greatest common factor of 10 and 3250.
10
What is the highest common divisor of 4181 and 113?
113
What is the greatest common divisor of 2456 and 7061?
307
What is the highest common divisor of 851 and 69?
23
What is the greatest common factor of 17616 and 144?
48
What is the greatest common divisor of 598 and 78?
26
Calculate the greatest common divisor of 16 and 25264.
16
What is the greatest common divisor of 201 and 268?
67
Calculate the highest common factor of 136 and 4080.
136
What is the highest common factor of 67 and 3484?
67
Calculate the greatest common factor of 126 and 154.
14
What is the greatest common factor of 20 and 140?
20
What is the greatest common divisor of 99 and 880?
11
Calculate the greatest common factor of 216 and 234.
18
Calculate the greatest common divisor of 249 and 581.
83
Calculate the highest common divisor of 424 and 265.
53
Calculate the greatest common divisor of 423 and 117.
9
Calculate the highest common divisor of 70 and 13090.
70
What is the highest common divisor of 20712 and 48?
24
Calculate the highest common factor of 1908 and 72.
36
Calculate the highest common divisor of 75 and 60.
15
Calculate the highest common factor of 105 and 3765.
15
What is the greatest common divisor of 6 and 21?
3
What is the highest common divisor of 5436 and 144?
36
Calculate the highest common divisor of 128 and 19008.
64
Calculate the greatest common divisor of 81 and 189.
27
What is the greatest common factor of 22 and 1496?
22
Calculate the greatest common factor of 16 and 24.
8
What is the greatest common factor of 24 and 612?
12
Calculate the greatest common divisor of 1328 and 415.
83
Calculate the highest common factor of 17 and 34102.
17
What is the greatest common divisor of 477 and 18?
9
What is the greatest common factor of 576 and 24?
24
What is the highest common divisor of 1 and 17?
1
Calculate the highest common divisor of 1563 and 9.
3
Calculate the greatest common divisor of 2 and 9.
1
Calculate the highest common factor of 27 and 8109.
9
Calculate the highest common divisor of 2193 and 172.
43
Calculate the greatest common factor of 37 and 888.
37
What is the greatest common factor of 20826 and 26?
26
What is the highest common factor of 28 and 378?
14
What is the greatest common factor of 46 and 4646?
46
What is the highest common divisor of 26 and 16?
2
What is the greatest common divisor of 1079 and 83?
83
What is the highest common factor of 13 and 3?
1
What is the highest common factor of 5 and 320?
5
What is the highest common factor of 30 and 40?
10
Calculate the highest common factor of 3150 and 42.
42
Calculate the greatest common divisor of 8 and 38.
2
What is the greatest common divisor of 805 and 1127?
161
Calculate the highest common divisor of 528 and 66.
66
What is the highest common factor of 158 and 553?
79
Calculate the greatest common divisor of 5358 and 3192.
114
Calculate the greatest common divisor of 62 and 4.
2
Calculate the greatest common divisor of 896 and 49.
7
Calculate the highest common factor of 1727 and 44.
11
Calculate the highest common factor of 1364 and 88.
44
Calculate the highest common divisor of 28 and 1834.
14
Calculate the highest common divisor of 1653 and 174.
87
What is the greatest common factor of 959 and 35?
7
What is the greatest common divisor of 5302 and 1928?
482
What is the highest common divisor of 1020 and 7752?
204
Calculate the greatest common factor of 640 and 370.
10
Calculate the greatest common divisor of 12 and 282.
6
Calculate the highest common factor of 152 and 95.
19
Calculate the highest common divisor of 333 and 1739.
37
What is the greatest common factor of 1281 and 1176?
21
What is the greatest common factor of 247 and 1026?
19
What is the highest common factor of 888 and 16?
8
Calculate the highest common divisor of 53 and 265.
53
What is the greatest common factor of 280 and 5950?
70
Calculate the greatest common factor of 22 and 8.
2
Calculate the highest common divisor of 378 and 81.
27
What is the greatest common factor of 664 and 2822?
166
Calculate the highest common divisor of 3312 and 558.
18
Calculate the highest common factor of 300 and 20.
20
What is the greatest common divisor of 39855 and 15?
15
Calculate the highest common factor of 11291 and 7.
7
Calculate the highest common divisor of 4 and 332.
4
Calculate the greatest common factor of 48 and 14064.
48
Calculate the greatest common divisor of 12340 and 100.
20
Calculate the greatest common divisor of 31 and 1.
1
Calculate the highest common divisor of 95 and 65.
5
Calculate the greatest common factor of 7 and 61.
1
What is the highest common factor of 78 and 12?
6
Calculate the highest common divisor of 150 and 80.
10
Calculate the greatest common divisor of 9593 and 181.
181
Calculate the greatest common divisor of 304 and 627.
19
Calculate the greatest common divisor of 1928 and 8.
8
What is the highest common divisor of 994 and 14?
14
Calculate the greatest common divisor of 6 and 46.
2
What is the highest common divisor of 225 and 300?
75
What is the greatest common divisor of 96 and 264?
24
Calculate the highest common factor of 6 and 324.
6
Calculate the greatest common factor of 112 and 784.
112
What is the greatest common factor of 74 and 777?
37
Calculate the greatest common divisor of 12 and 4632.
12
Calculate the highest common divisor of 8272 and 132.
44
Calculate the greatest common factor of 88 and 2090.
22
What is the highest common factor of 176 and 110?
22
What is the greatest common divisor of 138 and 37398?
138
Calculate the greatest common divisor of 144 and 1944.
72
What is the highest common factor of 103243 and 301?
301
Calculate the highest common divisor of 315 and 9639.
63
What is the highest common factor of 168 and 231?
21
What is the highest common factor of 3956 and 92?
92
What is the greatest common divisor of 182 and 9373?
91
What is the highest common divisor of 82 and 205?
41
Calculate the greatest common divisor of 132 and 228.
12
Calculate the greatest common divisor of 539 and 22.
11
Calculate the greatest common divisor of 156 and 130.
26
What is the highest common factor of 206 and 4?
2
What is the greatest common divisor of 205 and 5?
5
What is the greatest common divisor of 169 and 39?
13
What is the highest common factor of 856 and 2354?
214
What is the highest common factor of 495 and 1017?
9
Calculate the highest common divisor of 184 and 138.
46
Calculate the highest common divisor of 32 and 352.
32
Calculate the highest common divisor of 25 and 5550.
25
Calculate the highest common divisor of 108 and 4.
4
What is the highest common divisor of 5712 and 42?
42
What is the highest common factor of 62 and 31589?
31
What is the highest common divisor of 336 and 7?
7
Calculate the greatest common factor of 3465 and 420.
105
Calculate the greatest common divisor of 10 and 27380.
10
Calculate the greatest common divisor of 112 and 700.
28
What is the greatest common divisor of 6068 and 164?
164
What is the greatest common divisor of 38 and 9215?
19
Calculate the greatest common factor of 33 and 1419.
33
Calculate the highest common factor of 52 and 8.
4
What is the highest common divisor of 2 and 139?
1
Calculate the greatest common factor of 4 and 460.
4
What is the highest common factor of 94147 and 31?
31
What is the greatest common factor of 212 and 530?
106
What is the greatest common factor of 524 and 9694?
262
Calculate the greatest common factor of 551 and 29.
29
Calculate the greatest common factor of 2808 and 208.
104
What is the greatest common divisor of 17 and 2125?
17
What is the greatest common divisor of 2242 and 38?
38
Calculate the greatest common factor of 12 and 14172.
12
Calculate the highest c